3821
Convert -3d0 (base 14) to base 9.
-1045
-1453c (base 14) to base 10
-50426
What is -14b (base 12) in base 4?
-3023
What is 4410 (base 5) in base 10?
605
Convert -25323 (base 6) to base 14.
-1551
2101 (base 5) to base 14
15a
What is -3690 (base 10) in base 2?
-111001101010
What is 16410 (base 7) in base 10?
4662
Convert 158 (base 15) to base 7.
620
What is c06 (base 16) in base 3?
11020000
What is 112002 (base 3) in base 10?
380
Convert 100214 (base 5) to base 14.
1236
What is 2669 (base 16) in base 6?
113305
What is 101222122 (base 3) in base 4?
1331021
Convert 110101100 (base 2) to base 9.
525
What is -844 (base 13) in base 12?
-994
What is -4814 (base 9) in base 12?
-20a1
16b8 (base 16) to base 7
22646
-145a (base 16) to base 2
-1010001011010
Convert -1003144 (base 5) to base 15.
-4b4e
What is 224332 (base 6) in base 4?
10223000
1197 (base 11) to base 5
22213
311231 (base 5) to base 15
3046
-3d2 (base 15) to base 9
-1168
Convert 10021120102 (base 3) to base 12.
31448
13222313 (base 4) to base 11
2166a
10120101111 (base 3) to base 8
211173
What is -233323 (base 4) in base 6?
-22111
-15176 (base 8) to base 2
-1101001111110
What is -12302 (base 5) in base 6?
-4224
Convert 2524 (base 8) to base 12.
958
Convert -122e (base 16) to base 12.
-283a
-11e (base 16) to base 3
-101121
What is 49 (base 15) in base 4?
1011
Convert 224524 (base 6) to base 14.
6dda
Convert a66 (base 16) to base 7.
10522
-118eb (base 15) to base 13
-1c664
Convert -475 (base 12) to base 2.
-1010011001
Convert -2107 (base 16) to base 5.
-232310
What is 10111000100101 (base 2) in base 5?
334223
Convert -122200121 (base 3) to base 14.
-49b1
What is -595b (base 12) in base 16?
-2717
Convert -13000 (base 5) to base 16.
-3e8
What is 29579 (base 10) in base 2?
111001110001011
Convert -3180 (base 11) to base 4.
-1001222
4040 (base 11) to base 9
7324
What is 1020 (base 12) in base 8?
3330
Convert -758 (base 9) to base 10.
-620
-988e (base 16) to base 10
-39054
-1221222 (base 3) to base 6
-10342
-4580 (base 15) to base 16
-3999
What is 20012 (base 3) in base 15?
b2
What is 3767 (base 9) in base 15?
c7a
5316 (base 9) to base 16
f3f
Convert 5504 (base 9) to base 7.
14551
Convert 1011011100001100 (base 2) to base 16.
b70c
-11585 (base 9) to base 14
-2b92
What is 1b4b (base 14) in base 13?
2351
Convert -12221023 (base 4) to base 3.
-1101022211
Convert 12030 (base 4) to base 5.
3041
100100000001001 (base 2) to base 4
10200021
23514 (base 7) to base 6
44103
What is 12013 (base 4) in base 12?
287
-514 (base 14) to base 12
-6b2
What is 141253 (base 6) in base 9?
20186
Convert 52a (base 16) to base 13.
7a9
13a (base 15) to base 5
2110
363 (base 9) to base 2
100101100
What is 2460 (base 9) in base 5?
24321
10805 (base 15) to base 5
3134210
-6765 (base 8) to base 15
-10d3
-1233 (base 5) to base 3
-21011
Convert -1558 (base 11) to base 8.
-3717
What is 1011111 (base 3) in base 6?
3534
Convert -1001000111 (base 2) to base 6.
-2411
Convert 11000021 (base 4) to base 8.
50011
What is -10110000 (base 2) in base 9?
-215
Convert -111000010000 (base 2) to base 12.
-2100
What is 2341 (base 7) in base 9?
1157
What is 15ae7 (base 15) in base 8?
210517
What is -3176 (base 9) in base 2?
-100100100001
1010101100000 (base 2) to base 15
194c
Convert -23dd (base 14) to base 12.
-3767
-271 (base 9) to base 5
-1401
Convert -11c8 (base 13) to base 6.
-15414
-133100 (base 4) to base 8
-3720
301345 (base 6) to base 11
16879
Convert -290 (base 12) to base 15.
-1b6
Convert 2909 (base 11) to base 8.
7260
What is -11000001000 (base 2) in base 6?
-11052
What is 1111000 (base 4) in base 10?
5440
467a (base 13) to base 6
113503
Convert -21456 (base 8) to base 2.
-10001100101110
What is -1010011200 (base 3) in base 6?
-245500
Convert -1d8 (base 15) to base 6.
-1552
-532 (base 6) to base 5
-1300
Convert -165b (base 12) to base 6.
-20155
333041 (base 5) to base 14
435c
11101010011 (base 2) to base 12
1103
What is -2339 (base 10) in base 5?
-33324
Convert 1433 (base 10) to base 2.
10110011001
What is 12b4 (base 12) in base 16?
868
Convert 101111100110 (base 2) to base 8.
5746
What is 17922 (base 13) in base 10?
45489
Convert -b800 (base 14) to base 15.
-961c
What is 7472 (base 8) in base 14?
15c6
What is 11221 (base 14) in base 12?
20091
What is -311453 (base 6) in base 5?
-1300032
203 (base 12) to base 16
123
What is 1261 (base 16) in base 7?
16501
Convert -552541 (base 6) to base 2.
-1011001110101101
Convert -313 (base 8) to base 3.
-21112
What is -53 (base 8) in base 4?
-223
-22220201 (base 3) to base 16
-1963
23120 (base 4) to base 8
1330
What is -2126 (base 7) in base 14?
-3bd
What is 2486 (base 16) in base 12?
54b2
11005 (base 6) to base 7
4265
-30101 (base 4) to base 5
-11120
Convert 492 (base 16) to base 6.
5230
Convert -9d7 (base 16) to base 5.
-40034
215 (base 14) to base 16
19b
Convert -31004 (base 6) to base 2.
-1000000001100
Convert -8 (base 14) to base 12.
-8
Convert 2154 (base 11) to base 14.
1070
25612 (base 7) to base 12
3b44
Convert -265 (base 16) to base 8.
-1145
7645 (base 8) to base 12
2399
-6b2 (base 16) to base 4
-122302
What is -1011 (base 9) in base 8?
-1343
1936 (base 16) to base 14
24d0
What is 3fdd (base 16) in base 10?
16349
What is 1132122 (base 4) in base 9?
8253
What is 513 (base 9) in base 11?
34a
-31 (base 15) to base 12
-3a
What is -6231 (base 13) in base 5?
-413220
Convert 2610 (base 10) to base 12.
1616
What is 45053 (base 6) in base 9?
8566
What is -2a3 (base 11) in base 15?
-18a
Convert 682 (base 9) to base 8.
1060
What is 11132 (base 5) in base 10?
792
3636 (base 7) to base 5
20400
What is -28e4 (base 16) in base 5?
-313333
-132c6 (base 13) to base 6
-433020
Convert -23142 (base 6) to base 2.
-110011100110
-384 (base 10) to base 8
-600
What is 260456 (base 7) in base 15?
e472
What is -87451 (base 10) in base 5?
-10244301
What is 3a92 (base 12) in base 5?
203414
-657c (base 13) to base 4
-3130302
1101111 (base 3) to base 13
5cb
1ac6 (base 13) to base 9
5488
926 (base 10) to base 8
1636
What is -262235 (base 7) in base 3?
-2110222112
Convert -1415 (base 6) to base 16.
-173
-13906 (base 11) to base 10
-19729
Convert 102000220 (base 3) to base 4.
1331223
Convert 21313 (base 7) to base 16.
14b6
Convert 55 (base 9) to base 4.
302
What is 11111 (base 7) in base 10?
2801
What is 8844 (base 10) in base 12?
5150
-1047 (base 11) to base 6
-10222
50d (base 15) to base 5
14023
-21251 (base 6) to base 16
-b5f
What is -11111110110001 (base 2) in base 8?
-37661
22001 (base 3) to base 16
d9
Convert -1025 (base 7) to base 14.
-1bc
What is -302002 (base 4) in base 14?
-124a
1622 (base 7) to base 10
653
-237b2 (base 13) to base 2
-1111111000010001
What is 1b (base 16) in base 9?
30
-13111 (base 4) to base 8
-725
3041 (base 6) to base 5
10143
What is -a842 (base 11) in base 12?
-8358
What is 41606 (base 7) in base 14?
3a3d
What is -10b9 (base 16) in base 8?
-10271
What is 301 (base 13) in base 12?
364
What is -10001000000011 (base 2) in base 4?
-2020003
-3745 (base 10) to base 5
-104440
Convert -2407 (base 8) to base 13.
-780
Convert 1102312 (base 4) to base 3.
21021101
-4046 (base 7) to base 11
-1069
14024 (base 5) to base 3
1120012
What is 2220132 (base 4) in base 2?
10101000011110
What is -757 (base 15) in base 7?
-4555
What is -272 (base 10) in base 14?
-156
Convert 1267 (base 16) to base 15.
15e1
Convert -1219 (base 12) to base 11.
-1592
What is -1330322 (base 5) in base 16?
-6952
Convert -2b3 (base 12) to base 10.
-423
-1a3a (base 13) to base 3
-12101210
What is 21848 (base 10) in base 14?
7d68
What is 737 (base 9) in base 15?
2a1
-3102 (base 11) to base 8
-10024
What is 330 (base 11) in base 2?
110001100
783 (base 12) to base 6
5043
What is 3200 (base 5) in base 4?
12221
Convert -17939 (base 10) to base 14.
-6775
Convert -34446 (base 9) to base 16.
-59b5
Convert 221112 (base 3) to base 12.
495
Convert -1672 (base 9) to base 13.
-776
-1010000010000110 (base 2) to base 11
-28969
What is -53 (base 8) in base 11?
-3a
146737 (base 9) to base 11
61902
Convert 3603 (base 8) to base 5.
30143
-2176 (base 8) to base 3
-1120121
1440 (base 5) to base 15
115
1100020 (base 4) to base 14
1c24
Convert -985a (base 12) to base 3.
-212000021
What is 16538 (base 11) in base 7?
124565
11320 (base 5) to base 14
439
-